 prime factors of c.
7
Let o(i) be the second derivative of 7*i**3/3 + 83*i**2/2 - i - 9. What are the prime factors of o(18)?
5, 67
Let p(n) be the third derivative of 3*n**4/8 + 41*n**3/6 + 14*n**2. List the prime factors of p(8).
113
Suppose 0 = -p + 2*p. Let h be p/(1*(2 - 1)). Suppose h*i - 5*i + 170 = 5*a, i = 4*a + 14. List the prime factors of i.
2, 3, 5
List the prime factors of 2748*(-8)/(-12) - 6.
2, 11, 83
Suppose -4*o - k = -7*o + 3, k = -4*o + 11. Suppose 1 + 1 = o*x - 4*l, -l - 41 = -5*x. What are the prime factors of x?
3
Suppose 5*p + 445 = -3*h + 1514, -4*p + 2*h = -864. Suppose 6*d + p = 1151. What are the prime factors of d?
2, 3, 13
Let a = 193 + -54. Let z be -1 + 1 + 9/3. Suppose -3*w + 112 = 4*n, -2*n = -4*w + z*n + a. List the prime factors of w.
2, 3
Let h = -91 + 94. List the prime factors of 1*((3 - h) + 122) + -1.
11
Let b = 104 - 314. Let s = 298 + b. List the prime factors of s.
2, 11
Suppose -5*v + 251 = 21. Let h = 82 - v. List the prime factors of h.
2, 3
Suppose -25*v + 22*v = -144. List the prime factors of v.
2, 3
What are the prime factors of 5*(16810/50 + 5)?
2, 853
Let n be (-102)/(-30) - 3/(-5). Let s be n/24 - 58/(-12). Suppose -99 = -2*g - s. What are the prime factors of g?
47
Let a = 420 - 238. List the prime factors of a.
2, 7, 13
Let m(y) = -y**2 + 6*y + 6. Let j(u) be the third derivative of u**5/60 + 5*u**4/24 - 4*u**3/3 + 7*u**2. Let n be j(-7). List the prime factors of m(n).
2, 3
Let f(t) = -t**3 + 8*t**2 - 8*t + 4. Let r be f(7). Let v(p) = 3*p**2 + 5*p + 5. List the prime factors of v(r).
17
Let n(i) = i**2 - 8*i - 97. What are the prime factors of n(-28)?
911
Let y = 31 + -5. Suppose 0 = -2*f + b + b + y, 3 = 3*b. What are the prime factors of f?
2, 7
Suppose 135*n - 125*n - 3590 = 0. What are the prime factors of n?
359
Let j be (-444)/(-4) - 4 - -4. Suppose 0 = 3*h + 3*m - j, -2*h + 44 = m - 33. What are the prime factors of h?
2, 5
Suppose 7*u - 2681 = 4991. Suppose -3*s + u = 5*s. List the prime factors of s.
137
Suppose 122*y - 123*y + 375 = 0. List the prime factors of y.
3, 5
Let z(d) = -5*d - 9. Let r be z(-3). Suppose 0 = -r*b + 105 + 9. What are the prime factors of b?
19
Let i = -30 + 37. Suppose -498 = -i*d - 15. List the prime factors of d.
3, 23
Let u(i) = -i**3 + 14*i**2 - i - 16. Suppose 5*w - 5 = f - 3, 5*w + 24 = 3*f. What are the prime factors of u(f)?
2, 5, 7
Let n be 12/3 - 6 - 2. Let u = n - -4. List the prime factors of 22 + u - -4 - -2.
2, 7
Suppose -3*p - 5*l - 18 = 0, 5 = -3*p - 3*l - 7. List the prime factors of -4 + 0 + p + 10.
5
Let v = -91 - -277. Let c = 307 - v. List the prime factors of c.
11
Let g be (-4)/(12/(-45))*(-6)/(-15). List the prime factors of g/(-14) - (-11429)/77.
2, 37
Let f(w) = 426*w**3 - w**2 + 1. List the prime factors of f(1).
2, 3, 71
Let c be 45/10 - (-2)/4. Suppose -2*q + 3*w + 13 = -21, 3*q + c*w = 51. What are the prime factors of q?
17
Let p be -4*(2/(-4) - 0). Suppose -4*t - 67 = l, -5*l - 299 = -p*t + 4*t. Let j = -30 - l. List the prime factors of j.
29
Suppose -103*y + 108*y + o - 27229 = 0, 3*y - 16342 = 4*o. What are the prime factors of y?
2, 7, 389
Suppose -3*y - 3*t - 54 - 3 = 0, -3*y - 49 = -5*t. Suppose -5*s + 1451 = 3951. What are the prime factors of s/y - 14/(-63)?
2, 7
List the prime factors of 1/(-2*(-6)/3084).
257
Suppose -192*f + 185*f = -6510. What are the prime factors of f?
2, 3, 5, 31
Let j(t) be the second derivative of -t**6/240 - t**5/40 - t**4/4 + 6*t. Let f(v) be the third derivative of j(v). List the prime factors of f(-8).
3, 7
Let u(t) = 50*t - 37. Suppose -4*c + 33 - 5 = 0. What are the prime factors of u(c)?
313
Suppose 103*n = 6*n + 546401. What are the prime factors of n?
43, 131
Suppose -4*w + 2*w - d + 6046 = 0, d = -w + 3023. List the prime factors of w.
3023
Suppose 2470 = 5*t + 665. What are the prime factors of t?
19
Suppose -9*j = -6*j - 2*x - 1530, -5*x = 2*j - 1020. What are the prime factors of j?
2, 3, 5, 17
Let b = 189 + -118. Suppose b*g - 1428 = 65*g. What are the prime factors of g?
2, 7, 17
Let h = 20 - 38. Let u = h - -115. What are the prime factors of u?
97
Let o = -1344 + 2563. List the prime factors of o.
23, 53
Let q be ((-66)/(-8))/((-2 - 1)/(-12)). List the prime factors of (5 - (-222)/(-18))/((-2)/q).
11
Suppose 393 = 4*l + 381. What are the prime factors of l?
3
Let u(a) = -17*a + 4*a + 7 + 10*a + 0. List the prime factors of u(-15).
2, 13
Let z(p) be the third derivative of -p**5/60 - 5*p**4/24 - 4*p**3/3 - 9*p**2. Let l be z(-6). Let s = 16 + l. What are the prime factors of s?
2
Suppose 0 = 5*z - 5*k - 25, -3*z + 14 + 8 = 4*k. Suppose -d + 7 + 2 = 3*p, -4*d + z = -3*p. What are the prime factors of d?
3
Let b = -49 + 52. Let w(u) = 24*u - 9. What are the prime factors of w(b)?
3, 7
Let v(y) be the second derivative of y - 1/12*y**4 + 0 - y**2 + 11/6*y**3. What are the prime factors of v(9)?
2
Suppose 4*v = 109 + 191. Let b be (-4)/30 - (-385)/v. Let a = b - -4. List the prime factors of a.
3
Suppose 3*y - 1 = -37. Let i = 29 + y. List the prime factors of i.
17
Let f(m) = m**3 + 15*m**2 + 4*m - 1. Let n be f(-15). Let y = n + 103. What are the prime factors of y?
2, 3, 7
Suppose 15*q + 22*q - 23643 = 0. What are the prime factors of q?
3, 71
Let b = 99 - 71. Suppose s + 4*q - b = -q, -3*q + 96 = 5*s. List the prime factors of s.
2, 3
Let m = 347 - 273. What are the prime factors of m?
2, 37
Suppose -6*h + 600 + 618 = 0. What are the prime factors of h?
7, 29
Let l(a) = 112*a + 3. Let b be l(-2). Let p be (-26)/b + 438/34. Suppose 4*h - 13 = 3*h + 3*z, 0 = h + 2*z - p. What are the prime factors of h?
13
What are the prime factors of (-144683)/(-231) - 2/6?
2, 313
Let f = -10 + 35. Suppose 27*a - f*a - 44 = 0. Suppose 3*n + 10 = a. List the prime factors of n.
2
Let i(f) = -3*f**2 - 10*f + 21. Let o be i(-9). Let w = -91 - o. Let c = w + -33. What are the prime factors of c?
2
Let h(n) = 427*n**2 + 3*n. List the prime factors of h(1).
2, 5, 43
Suppose -57 = -x - 3*d, 0*x + d = -2*x + 114. What are the prime factors of x?
3, 19
Suppose 14*h - 9*h - 1995 = 0. List the prime factors of h.
3, 7, 19
Let n(f) = -2*f + 34. Let u be n(-3). Suppose 70 = g - 3*q + 5*q, -g = -4*q - u. List the prime factors of g.
2, 3, 5
Let d(x) = 10*x - 19. Suppose 4*j - 16 = 0, 2 = 3*w - 6*j + 2*j. List the prime factors of d(w).
41
Suppose 4483 = 3*o - 2*u, 5*o = 4*o - 2*u + 1481. List the prime factors of o.
3, 7, 71
Let o(b) = -b**2 + 13*b + 8. Let u be o(15). Let r = u - -56. List the prime factors of r.
2, 17
Let d be (-10)/(-4)*(0 - -2). Suppose -5*c - 4*i + 31 = -0*i, -2*c + d*i - 14 = 0. Suppose y + c*y - 156 = 0. What are the prime factors of y?
3, 13
Suppose 3*w = -15, r + 5*w = 2*w + 42. Suppose x = 4*d + r + 133, 3*d - 836 = -4*x. List the prime factors of x.
2, 103
Suppose 0 = -4*a - 11 - 9, -2*f + 3061 = 3*a. List the prime factors of (16/(-20))/1 + f/10.
3, 17
Let h = 25 + -4. Suppose -3*j + h = -3. Suppose 3*u - 1 = 3*n + j, -3*u = -n - 11. What are the prime factors of u?
2
Let a(b) be the second derivative of -b**5/20 - b**4/12 + b**3/6 + 3*b**2 - b. Suppose 0 = 10*w + 3*w + w. List the prime factors of a(w).
2, 3
Let u = -307 + 189. Let q = u - -206. Suppose -6*w = -2*w - q. What are the prime factors of w?
2, 11
Suppose x - 7 = -4. Suppose 9 = 5*d + 3*k, x*k + 8 = -k. Suppose 0 = d*f + f - 36. List the prime factors of f.
3
Suppose -495 - 42 = -3*s - 2*i, 5*s - 870 = 5*i. Suppose 3 = o, -s = -3*c - o - 2*o. What are the prime factors of c?
2, 7
Suppose 17*w - 273 = 14*w. What are the prime factors of w?
7, 13
Let h(o) = 3*o**2 - 1. Let u be h(1). Let b(q) = -3 - 3 + 2 - q + 6*q**u. What are the prime factors of b(-2)?
2, 11
Suppose 4*m + 2 = 2*s, -7 = -2*s - 4*m + 3. Suppose 0 = 4*z + q - 52, 0 = s*z - 2*z + q - 13. Let c = 3 + z. What are the prime factors of c?
2
Let c(u) = -25*u + 23. Let y(t) = -8*t + 8. Let v = -4 - -6. Let r(q) = v*c(q) - 7*y(q). List the prime factors of r(9).
2, 11
Let w(i) = i**3 + 26*i**2 - 9*i - 54. What are the prime factors of w(-26)?
2, 3, 5
Suppose 7*r - 6071 = 3232. What are the prime factors of r?
3, 443
Let c = 236 + 291. List the prime factors of c.
17, 31
Let r(s) = s**3 - 19*s**2 - 17*s + 6. Suppose -9*z = -88 - 92. What are the prime